 remainder when (l/(-18))/((-2)/258) is divided by 16.
11
Suppose -2*h + 5*w = h - 429, 4*w = -5*h + 678. Suppose 44 = t + 2*n, 3*n - h = -t - 2*t. Calculate the remainder when t is divided by 25.
23
Let w = 8 - 4. Suppose -4*k - k = 5, -4*o - w*k = -112. Suppose 0 = -4*y + y + 9, -z = 2*y - 16. What is the remainder when o is divided by z?
9
Let y = 20 - 18. Suppose -y = -7*x + 5. What is the remainder when 89 is divided by (3 - x)*-2 + 27?
20
Let p = 19 - 17. Suppose 2*q = -g + q + 37, q = p*g - 74. Suppose -63 = -5*o + g. What is the remainder when o is divided by 11?
9
Suppose 0 = -5*z - 5, -2*z + z + 964 = 5*w. Calculate the remainder when w is divided by 39.
37
Let q = -680 - -2509. What is the remainder when q is divided by 61?
60
Let w(x) = -4*x**2 + 132*x + 9. What is the remainder when -1 + -1 - (0 - 46) is divided by w(33)?
8
Suppose 5*n = 4*h + 884, n - 172 = 40*h - 44*h. Calculate the remainder when n is divided by 30.
26
Let p(u) = -u**3 - 17*u**2 - 2*u + 52. Suppose 1 = -2*i + 19. Calculate the remainder when p(-17) is divided by i.
5
Suppose -495 - 462 = -11*a. Suppose 106 - 16 = 5*d. Calculate the remainder when a is divided by d.
15
Let f = -249 + 429. Suppose 2*i = -2, 5*i = -2*y + i + f. Let v = y + -48. Calculate the remainder when v is divided by 12.
8
Suppose -4*c = 5*f - 40, -9*f + 40 = -4*f - 5*c. Suppose -36 = 4*i - f*i. Calculate the remainder when 24 is divided by i.
6
What is the remainder when 20 is divided by 12/16 + 35/28?
0
Let f = -1174 + 1182. What is the remainder when 60 is divided by f?
4
Suppose -8*p = -4*p - 12. Let a be 11/33 - 485/(-3). Suppose -s - 2*s = p*u - a, -3*s - 270 = -5*u. Calculate the remainder when u is divided by 14.
12
Let z be ((4/(-4))/(-1))/(2/4). Suppose -z*k + 25 + 115 = 0. Calculate the remainder when k is divided by 18.
16
Let l be ((-9)/2)/(15/(-20)). Suppose 156 = 10*u - l*u. Let v(m) = -m**2 + 8*m - 2. What is the remainder when u is divided by v(4)?
11
Calculate the remainder when 486 is divided by 2/((-1971)/(-279) - 7).
21
Suppose n - 44 = -3*b, -2*b + 2*n - 3*n = -31. Suppose 2*w + 4 = 6*w. Let r = b + w. Calculate the remainder when 53 is divided by r.
11
Let n(z) = -14*z - 113. Calculate the remainder when n(-15) is divided by 20.
17
Suppose -n + w - 5 = -0*n, 2*n = 3*w - 8. What is the remainder when ((-5067)/(-63) - 1) + (-4)/n is divided by 28?
24
Suppose 2*u - 5*v = 226 - 3, 0 = 4*u + 2*v - 434. Calculate the remainder when u is divided by 25.
9
What is the remainder when 177 is divided by 36/(-10)*(6 - 16)?
33
Let n be (1 - 0)*(3 + -4). Let m = 2133 - 2075. Calculate the remainder when m is divided by 10/(3 - (n - -3)).
8
Let l be 12/8*(-16)/6. Let f = -97 + 111. What is the remainder when (-30)/l*16/3 is divided by f?
12
Let n = -9679 - -9715. Let t = 55 + -31. What is the remainder when n is divided by t?
12
Let q = 15 + -3. Suppose 2*n - q = 6. Suppose -4 = 2*y, 4*l - l = 4*y + 23. What is the remainder when n is divided by l?
4
Suppose 0 = 4*z + 2*c + 3*c - 56, -5*z + 5*c + 115 = 0. Let s(d) = 6*d**2. Let r be s(1). Calculate the remainder when z is divided by ((-3)/r)/((-2)/20).
4
Let c = -2471 - -2487. What is the remainder when c is divided by ((-6)/(-8))/((-1)/(-4))?
1
Let a = -1952 + 1997. What is the remainder when 93 is divided by a?
3
Suppose b - 5 = 0, 3*f - 10 = -0*f + b. Suppose -f*q - 20 = 0, 40 = 3*a - a - q. Calculate the remainder when 33 is divided by a.
15
Let t(i) = i**2 - 66. Calculate the remainder when t(-11) is divided by 16.
7
Suppose -161 = -5*x + 64. Suppose 0 = -3*m + 3*s + x, 0 = -0*m + 5*m + 4*s - 93. What is the remainder when 50 is divided by m?
16
Let v(r) = 163*r**2 - 5*r + 6. What is the remainder when v(2) is divided by 59?
58
Suppose 5*q - 16 = -2*m, -5*m + 2*q - q + 13 = 0. Let r = 21 - m. Calculate the remainder when 52 is divided by r.
16
Suppose -2*p + 0 = -3*k + 15, 0 = -p. Suppose -k*f - 11 = -3*q - 129, 0 = -5*f - 5*q + 110. What is the remainder when f is divided by 12?
11
Let i = 117 + -113. Calculate the remainder when 111 is divided by -2*(i/(-1) + 0).
7
Let u = 39 + -27. Let t = u - -74. Calculate the remainder when t is divided by 23.
17
Let f(q) = q**2 + 2*q + 1. Let b = 3 + -5. Let n = -34 - -35. What is the remainder when n is divided by f(b)?
0
Let u(j) = j**2 + j - 2. Let r be u(2). Suppose w = -2*p + r, 6*p - 3*w = 5*p + 16. Let l = 56 - p. What is the remainder when l is divided by 18?
16
Suppose -13*c + 17*c - 116 = -3*h, 3*c = 2*h + 53. Calculate the remainder when (3 + -1)/((-6)/(-267)) is divided by c.
20
Let y be (6 + (-80)/15)*(1 + 2). Suppose 5*s - 7 - 70 = -y*d, 2*d - 26 = -2*s. Calculate the remainder when (-2 - (-1 + 1)) + 51 is divided by s.
15
Let f(a) = 6*a + 1. What is the remainder when 307 is divided by f(5)?
28
Let g be (-6)/(-18) + 28/6. Suppose d - g*d - 8 = 0. Calculate the remainder when -3 + (2 - d)*1 is divided by 1.
0
Let f = -165 + 194. Calculate the remainder when (-3)/(3 + 336/(-110)) is divided by f.
26
Suppose 2*g + 2*a = 6*a - 6, 3*g + 31 = -5*a. Let n(f) = -f**2 - 9*f + 10. Calculate the remainder when (42/(-28))/((-6)/280) is divided by n(g).
22
Let c(t) be the first derivative of t**3/3 + 17*t**2/2 - 20*t + 17. What is the remainder when c(-20) is divided by 14?
12
Let d(s) = -15*s + 283. What is the remainder when d(-41) is divided by 17?
14
Let d = -16 - -33. Suppose 2 = 5*q - 14*h + 10*h, 0 = -3*q + h - 3. Let y = 67 + q. What is the remainder when y is divided by d?
14
Let c(j) = -j**3 - 15*j**2 - 5*j + 195. Suppose -2*g + 0 = -24. Calculate the remainder when c(-14) is divided by g.
9
Let z = -33 - -78. Calculate the remainder when 449 is divided by z.
44
Suppose 5*k = -0*f - 5*f, -3*f = 4*k. Suppose -2*q + 4*q - 36 = f. Let x(l) = l**2 - 13*l + 7. Calculate the remainder when q is divided by x(13).
4
Let y(i) = -2*i**2 + 2*i + 4. Let l be y(2). Suppose -2*d - 167 + 211 = l. What is the remainder when 87 is divided by d?
21
Suppose t + t - 52 = 0. Let p = 541 - 284. What is the remainder when p is divided by t?
23
Let x(k) = 2*k**2 - k + 30. Let i be x(0). Let c be -2 - (-4 - -3)*i. Let g = 61 - c. Calculate the remainder when g is divided by 17.
16
Let v = 72 + -31. Suppose -7*n + 16 = 2. Suppose -2*i - u + 25 = 0, n*i - 3*u = 2*u + 43. Calculate the remainder when v is divided by i.
13
What is the remainder when 92 is divided by (84/4 + -8)/(1/2)?
14
Suppose 2*p + 0*p = 14. Suppose 5*w - 3*s - 6 = 2*w, -2*w = -s - p. Calculate the remainder when (30/w)/(2/7) is divided by 11.
10
Suppose -4 = -l - 2. Suppose w + 2*h + 6 = 0, 3*h = -l*w - 2*h - 13. What is the remainder when (-16*1)/(-6 - w) is divided by 3?
2
Let c(t) = t**3 - 11*t**2 - 7*t - 12. Let u be c(12). Suppose -u = -4*b - l + 18, -3*l - 23 = -b. Calculate the remainder when 84 is divided by b.
16
Suppose -3*a = 5*m - 3*m - 254, -3*a + 250 = m. What is the remainder when a is divided by 16?
2
Let m be 17/(-5) + 1/(-10)*-4. What is the remainder when (m - (5 + -85)) + -2 is divided by 26?
23
Let i = -283 - -476. Calculate the remainder when i is divided by 49.
46
Let w = 3243 + -3173. Calculate the remainder when w is divided by (10/5)/(1/6).
10
Suppose -2*n - 65 = -5*r - 4*n, 5*r = n + 80. Calculate the remainder when 8/2 + (-74)/(0 + -2) is divided by r.
11
Calculate the remainder when 11 is divided by 8/(-4) - 44/(-4).
2
Suppose -166 = -9*i + 1067. Calculate the remainder when i is divided by 35.
32
Let i = 276 - 96. Suppose 41 = 2*l + 4*p - 49, -4*l = 5*p - i. Calculate the remainder when l is divided by ((-16)/(-2))/((-28)/(-8) - 3).
13
What is the remainder when ((-30)/9)/5*273/(-14) is divided by 8?
5
Let q(i) = i**2 + 11*i - 160. What is the remainder when 56 is divided by q(9)?
16
Calculate the remainder when (-193 - -78)*6/(-5) is divided by 42.
12
Let z(q) = 15*q**2 + 1. Calculate the remainder when z(-2) is divided by 34.
27
Suppose 47*l - 33 = -3*a + 44*l, -4*l - 16 = 0. Calculate the remainder when 400 is divided by a.
10
Suppose -2*w - 899 = -915. Calculate the remainder when 29 is divided by w.
5
Let f = 1006 + -942. Suppose -2*b + 0*b + 24 = 0. Let q = b + 10. Calculate the remainder when f is divided by q.
20
Let r be 88/33*(-6)/(-4). Suppose -r*l - 3*d - 23 = -587, 4*l + 2*d - 568 = 0. Wha